(base 11) to base 13
-335a3b
Convert -3146421 (base 7) to base 13.
-10491c
Convert 13320021 (base 4) to base 14.
ba89
2414740 (base 9) to base 2
100111111100111100110
Convert -6dc74 (base 15) to base 13.
-c3676
-222404 (base 5) to base 11
-59a0
Convert -13214263 (base 7) to base 15.
-18ea9a
What is -19c864d (base 14) in base 6?
-1135301525
Convert -6dcf6 (base 16) to base 2.
-1101101110011110110
-2e5cb (base 16) to base 8
-562713
What is -9ac55 (base 13) in base 6?
-10005245
What is aa163 (base 12) in base 15?
46959
Convert -3cca6 (base 14) to base 12.
-73242
What is -b6cc7 (base 15) in base 11?
-366854
Convert 879494 (base 11) to base 15.
1cac91
What is 10010100110000001 (base 2) in base 15?
17876
Convert -9e65 (base 15) to base 4.
-20031110
388069 (base 10) to base 11
245620
What is 98802 (base 15) in base 12?
1b440b
45343252 (base 6) to base 9
2536125
Convert -131353212 (base 7) to base 3.
-120211121110110
-24078a6 (base 11) to base 2
-10000000000110101011111
-342011032 (base 5) to base 7
-15613653
58b7a (base 15) to base 2
1000101000001011011
What is -222110011111011 (base 3) in base 14?
-1c1cb09
164388 (base 13) to base 15
ad896
What is 35b43 (base 12) in base 11?
4a504
What is a566e (base 16) in base 10?
677486
Convert -93ba48 (base 15) to base 6.
-410330205
What is 5119b2 (base 12) in base 15?
1a0abe
Convert 252472 (base 9) to base 14.
3d94a
-a087b3 (base 12) to base 15
-346aac
What is 2434303431 (base 5) in base 9?
11772432
What is -211717 (base 8) in base 5?
-4224412
What is -61298 (base 11) in base 14?
-248aa
What is 1181a7 (base 12) in base 2?
1000101010000001111
What is 2501044 (base 6) in base 3?
20201200001
-11002221122021 (base 3) to base 14
-40bbd3
Convert -1284a6 (base 12) to base 6.
-10311130
Convert 110220121010 (base 3) to base 12.
103093
Convert 202411330 (base 5) to base 2.
11001001100111110000
-2bd10 (base 16) to base 14
-49596
Convert -8d5c1 (base 15) to base 7.
-3553324
What is -1957645 (base 10) in base 11?
-1117898
What is -136116314 (base 7) in base 12?
-3002938
Convert -2300300122 (base 4) to base 14.
-14bbbc
What is 22014442 (base 5) in base 13?
67bb0
What is 8d449 (base 14) in base 11?
215380
What is 1000110011000101001 (base 2) in base 12?
11aa09
What is 2102102010 (base 3) in base 11?
32910
What is 86b29 (base 14) in base 13?
b54ba
What is 20596 (base 10) in base 14?
7712
113323150 (base 6) to base 2
1000000111000101001010
Convert -213964 (base 16) to base 8.
-10234544
What is -1111010001001101000 (base 2) in base 7?
-4152453
Convert 10100021120220 (base 3) to base 2.
110110001110101101010
1a0a89 (base 13) to base 10
658706
What is 10cb9c (base 14) in base 13?
170aa6
20010100001102 (base 3) to base 16
31a816
What is -1166126 (base 7) in base 12?
-73465
What is -110011110101110100101000 (base 2) in base 8?
-63656450
Convert -11142440043 (base 5) to base 9.
-25413067
1380258 (base 9) to base 6
24152255
-314073 (base 8) to base 10
-104507
Convert -1000100001110110001111 (base 2) to base 14.
-422b15
What is 136230 (base 7) in base 13?
bbc5
Convert 1110011010011101010 (base 2) to base 11.
2a2932
-4304532 (base 6) to base 10
-211016
What is 123041344 (base 6) in base 10?
2384992
-a2ec1 (base 15) to base 6
-15022231
What is -100110100111010101 (base 2) in base 6?
-3220125
What is 21fbdd (base 16) in base 10?
2227165
What is -136465 (base 7) in base 14?
-9835
-4989001 (base 10) to base 11
-28a8346
What is 10210011021 (base 3) in base 7?
430060
What is 496451 (base 12) in base 16?
1233fd
3f1fe (base 16) to base 7
2124546
Convert 18816 (base 12) to base 13.
13356
-103119 (base 11) to base 5
-20241220
What is 1cee (base 16) in base 15?
22db
-1b2a31 (base 12) to base 2
-1110101101001000101
Convert 11010120112121 (base 3) to base 6.
115023154
What is 1120041 (base 7) in base 10?
139287
What is ef12e1 (base 16) in base 13?
332768c
Convert 21466263 (base 7) to base 6.
103342110
a66 (base 13) to base 7
5113
-cdec3 (base 15) to base 9
-1207073
4ccc3a (base 15) to base 9
6841301
Convert -100000000101000001 (base 2) to base 4.
-200011001
-103845 (base 13) to base 11
-239a72
Convert 30130103311 (base 4) to base 13.
8a27bb
Convert 1101000111111011000 (base 2) to base 16.
68fd8
202021122222 (base 3) to base 2
1100001011110010000
Convert 279302 (base 15) to base 3.
10120202001002
-505552034 (base 6) to base 5
-4210132144
1000011110110011001001 (base 2) to base 4
20132303021
What is 121302013312 (base 4) in base 15?
8d7987
What is -954978 (base 10) in base 4?
-3221021202
What is -20021220100021 (base 3) in base 14?
-630a17
What is -100240114 (base 5) in base 9?
-667787
What is -4a888 (base 12) in base 4?
-120301220
Convert -177031 (base 12) to base 6.
-12412101
Convert -153964 (base 11) to base 13.
-84c80
Convert -34132 (base 14) to base 10.
-126464
Convert -1ffa2 (base 16) to base 8.
-377642
What is 376211 (base 13) in base 4?
11010003230
What is 19850 (base 15) in base 16?
143bb
Convert -31551350 (base 6) to base 14.
-1a3a02
Convert 25ab4 (base 15) to base 12.
59914
Convert 349672 (base 11) to base 9.
1034562
What is -31131030 (base 5) in base 13?
-8c192
-120032000123 (base 4) to base 9
-12845852
What is 10213120112 (base 4) in base 9?
2243568
Convert -616121 (base 9) to base 8.
-1311421
What is -2b392 (base 12) in base 13?
-21a10
-83869 (base 10) to base 14
-227c9
Convert 43371a (base 11) to base 4.
2221023330
Convert -17813291 (base 10) to base 4.
-1003330330223
What is 1101001010100000 (base 2) in base 13?
1b709
Convert 20321340 (base 5) to base 11.
1045a5
Convert 150d9 (base 15) to base 10.
67704
Convert 248c7 (base 14) to base 5.
10331201
200222021002 (base 3) to base 15
759ae
-2353315 (base 6) to base 4
-132033233
bbb4ec (base 16) to base 3
212010222112220
Convert 28774a (base 12) to base 15.
d5794
What is 57417 (base 9) in base 16?
9568
What is -2303001032 (base 4) in base 15?
-e73e2
1201063 (base 9) to base 14
12cddb
Convert 246563055 (base 7) to base 10.
15629178
Convert 62f519 (base 16) to base 7.
106060334
-100000011111101101111000 (base 2) to base 3
-121000210012202
Convert -102012202012 (base 3) to base 8.
-657037
What is -507124a (base 11) in base 13?
-1b1a215
310207 (base 10) to base 7
2431252
What is 222914 (base 13) in base 7?
6563543
Convert -1001000001111111110 (base 2) to base 7.
-2341532
Convert 201520200 (base 6) to base 7.
41205552
Convert 120001201 (base 3) to base 10.
10981
Convert -503244033 (base 6) to base 4.
-200221300311
What is 300221 (base 6) in base 12?
11671
Convert -1851531 (base 13) to base 2.
-11110010011001110000000
Convert 100122001011 (base 3) to base 14.
4d12b
-145246 (base 8) to base 4
-30222212
What is -124145 (base 8) in base 3?
-2012010122
20101201 (base 4) to base 6
420521
-11a9724 (base 13) to base 5
-2402122243
What is -1011110011011000101101 (base 2) in base 4?
-23303120231
Convert 4076622 (base 9) to base 15.
2ced9b
Convert 1002200122121 (base 3) to base 8.
2165324
225606 (base 9) to base 14
37485
Convert -177700 (base 9) to base 13.
-3b493
6c58 (base 13) to base 14
57d9
-b874 (base 15) to base 4
-21201322
-164b91 (base 13) to base 8
-2070720
Convert 30b8c (base 16) to base 5.
22341224
-2210210102100 (base 3) to base 12
-5bb400
8141cd (base 16) to base 9
16841010
What is 1ccb4c (base 13) in base 8?
2651650
What is -1380622 (base 11) in base 14?
-45a90c
What is 20200000020 (base 3) in base 12?
63b36
Convert -28022a4 (base 11) to base 3.
-100002121202100
Convert -344695 (base 11) to base 2.
-10000101110000011111
1183454 (base 9) to base 2
10011101100110100010
a70133 (base 11) to base 3
10020001000011
Convert 5ae12 (base 15) to base 5.
33240132
Convert 200c3d (base 14) to base 13.
2b9904
What is -58556 (base 16) in base 13?
-c88bb
Convert -736b20 (base 13) to base 10.
-2699801
What is 10740427 (base 8) in base 15?
31442b
-25ac28 (base 14) to base 16
-13cc94
Convert 177909 (base 13) to base 12.
244429
Convert a4b94d (base 14) to base 13.
11ca67c
What is 700a1 (base 11) in base 4?
121003012
What is 2102113010 (base 4) in base 12?
24ab18
Convert 61b30 (base 13) to base 15.
36ec6
-16231602 (base 8) to base 3
-21001110022011
What is 899c9 (base 16) in base 13?
169733
Convert 1386567 (base 10) to base 14.
281447
16034104 (base 8) to base 14
6bca0c
236412 (base 10) to base 11
151690
What 